{"id":2437,"date":"2023-10-21T18:41:36","date_gmt":"2023-10-21T16:41:36","guid":{"rendered":"https:\/\/polfair.pl\/new\/?page_id=2437"},"modified":"2023-10-21T18:41:37","modified_gmt":"2023-10-21T16:41:37","slug":"organizatorzy-wystapien-targowych-za-granica","status":"publish","type":"page","link":"https:\/\/polfair.pl\/new\/organizatorzy-wystapien-targowych-za-granica\/","title":{"rendered":"Organizatorzy wyst\u0105pie\u0144 targowych za granic\u0105"},"content":{"rendered":"\n<div class=\"wp-block-aab-group-accordion aagb_accordion_b31e83fd-f71b-413f-b0e1-79c6cfe51306\">\n<div class=\"wp-block-aab-accordion-item aagb__accordion_container\" style=\"border:1px solid #cccccc;margin-top:0px;margin-bottom:15px;border-radius:0px\"><div class=\"aagb__accordion_head aab_right_icon\" data-active=\"false\" style=\"color:#333333;background-color:transparent;padding:10px 15px 10px 15px\"><div class=\"aagb__accordion_heading aab_right_icon\"><h4 class=\"aagb__accordion_title\" style=\"margin:0;color:#333333\">ELTAR sp. z o.o. (Warszawa)<\/h4><\/div><div class=\"aagb__accordion_icon\" style=\"color:#333333;background-color:transparent\"><span class=\"aagb__icon dashicons dashicons-plus-alt2\"><\/span><\/div><\/div><div class=\"aagb__accordion_body \" role=\"region\" style=\"background-color:transparent;border-top:1px solid #cccccc;padding:10px 15px 10px 15px\">\n<div class=\"wp-block-columns is-layout-flex wp-container-core-columns-is-layout-9d6595d7 wp-block-columns-is-layout-flex\">\n<div class=\"wp-block-column is-layout-flow wp-block-column-is-layout-flow\" style=\"flex-basis:66.66%\">\n<p><strong>Adres<\/strong>: Garibaldiego 4 lok. 18A, 04-078 Warszawa<br><strong>Telefon<\/strong>: +48 22 617 25 55; 22 617 12 02 ; 22 617 33 23<br><strong>Fax<\/strong>: +48 22 617 33 23<br><strong>E-mail<\/strong>: biuro@eltar-targi.com.pl, spolka@eltar-targi.pl<br><strong>Strona www<\/strong>:\u00a0<a href=\"http:\/\/www.eltar-targi.com.pl\/\" rel=\"nofollow noopener\" target=\"_blank\">http:\/\/www.eltar-targi.com.pl\/<\/a><\/p>\n<\/div>\n\n\n\n<div class=\"wp-block-column is-layout-flow wp-block-column-is-layout-flow\" style=\"flex-basis:33.33%\"><div class=\"wp-block-image\">\n<figure class=\"aligncenter size-full\"><img loading=\"lazy\" decoding=\"async\" width=\"135\" height=\"124\" src=\"https:\/\/polfair.pl\/new\/wp-content\/uploads\/2023\/10\/eltar-logo.jpg\" alt=\"\" class=\"wp-image-2322\"\/><\/figure>\n<\/div><\/div>\n<\/div>\n\n\n\n<p>ELTAR Sp. z o.o. zajmuje si\u0119 kompleksow\u0105 organizacj\u0105 udzia\u0142u polskich firm w targach \u2013 od rezerwacji powierzchni wystawienniczej, us\u0142ug technicznych po projektowanie i zabudow\u0119 stoisk, zar\u00f3wno standardowych, jak i indywidualnych, dopasowanych do wymaga\u0144 klient\u00f3w. Posiadamy w\u0142asn\u0105 zabudow\u0119 i zaplecze techniczne oraz profesjonalnych pracownik\u00f3w z wieloletnim do\u015bwiadczeniem organizacyjnym i technicznym. Zapewniamy organizacyjn\u0105 oraz techniczn\u0105 obs\u0142ug\u0119 klient\u00f3w r\u00f3wnie\u017c podczas trwania targ\u00f3w i gwarantujemy terminowe wykonanie zleconych nam prac. Na \u017cyczenie wystawc\u00f3w \u015bwiadczymy us\u0142ugi: przelot, zakwaterowanie, wynaj\u0119cie hostess, t\u0142umaczy etc.), organizacj\u0119 spotka\u0144 bran\u017cowych i konferencji, doradzamy w doborze rynk\u00f3w i targ\u00f3w.<\/p>\n\n\n\n<p>ELTAR Sp. z o.o. posiada szerokie kontakty z renomowanymi zagranicznymi towarzystwami targowymi, instytucjami i wsp\u00f3\u0142pracuje z wieloma polskimi firmami z r\u00f3\u017cnych bran\u017c: spo\u017cywczej i przetw\u00f3rstwa \u017cywno\u015bci, budowlanej, przemys\u0142owej, opakowa\u0144 na wielu mi\u0119dzynarodowych imprezach targowych.<\/p>\n\n\n\n<p>ELTAR Sp. z o.o. jest wy\u0142\u0105cznym przedstawicielem w Polsce Mi\u0119dzynarodowych Targ\u00f3w Spo\u017cywczych GULFOOD \/ GULFOOD MANUFACTURING \/ SPECIALITY FOOD FESTIVAL \/ GULFHOST w Dubaju, AFRICA\u2019S BIG 7 w Johannesburgu, FOODEX JAPAN w Chiba oraz reprezentuje w Polsce UBM Allworld \u2013 organizatora targ\u00f3w z cyklu FOOD &amp; HOTEL, kt\u00f3re odbywaj\u0105 si\u0119 na obszarze Dalekiego Wschodu (Chiny i Korea Po\u0142udniowa) i Azji Po\u0142udniowo-Wschodniej (Indie, Indonezja, Hanoi, Malezja, Myanmar, Tajlandia, Wietnam, Singapur).<\/p>\n\n\n\n<p>W ramach naszej wieloletniej dzia\u0142alno\u015bci poza wyst\u0105pieniami na targach, kt\u00f3rych jeste\u015bmy wy\u0142\u0105cznym przedstawicielem, realizujemy grupowe wyst\u0105pienia polskich firm oraz ekspozycje indywidualne na najwi\u0119kszych i najbardziej presti\u017cowych targach zagranicznych, m.in. Hannover Messe Industrie w Hanowerze, Fensterbau Frontale w Norymberdze, Bau w Monachium, SIAL Paris, Anuga w Kolonii, SIAL China, PLMA w Amsterdamie, All4Pack-Emballage w Pary\u017cu, Interpack w Dusseldorfie i wielu innych.<\/p>\n\n\n\n<p>Serdecznie zapraszamy do wsp\u00f3\u0142pracy.<\/p>\n<\/div><\/div>\n\n\n\n<div class=\"wp-block-aab-accordion-item aagb__accordion_container\" style=\"border:1px solid #cccccc;margin-top:0px;margin-bottom:15px;border-radius:0px\"><div class=\"aagb__accordion_head aab_right_icon\" data-active=\"false\" style=\"color:#333333;background-color:transparent;padding:10px 15px 10px 15px\"><div class=\"aagb__accordion_heading aab_right_icon\"><h4 class=\"aagb__accordion_title\" style=\"margin:0;color:#333333\">MAXPOL sp. z o.o. Przedsi\u0119biorstwo Produkcyjno &#8211; Handlowe (Warszawa)<\/h4><\/div><div class=\"aagb__accordion_icon\" style=\"color:#333333;background-color:transparent\"><span class=\"aagb__icon dashicons dashicons-plus-alt2\"><\/span><\/div><\/div><div class=\"aagb__accordion_body \" role=\"region\" style=\"background-color:transparent;border-top:1px solid #cccccc;padding:10px 15px 10px 15px\">\n<div class=\"wp-block-columns is-layout-flex wp-container-core-columns-is-layout-9d6595d7 wp-block-columns-is-layout-flex\">\n<div class=\"wp-block-column is-layout-flow wp-block-column-is-layout-flow\" style=\"flex-basis:66.66%\">\n<p><strong>Adres<\/strong>: Pu\u0142awska 479, 02-844 Warszawa<br><strong>Telefon<\/strong>: +48 22 628 0621, 629 9621, 625 1408<br><strong>Fax<\/strong>: +48 22 621 0373<br><strong>E-mail<\/strong>: maxpol@maxpol-targi.com.pl, m.ryttel@maxpol-targi.com.pl<br><strong>Strona www<\/strong>:\u00a0<a href=\"http:\/\/www.maxpol-targi.com.pl\/\" rel=\"nofollow noopener\" target=\"_blank\">http:\/\/www.maxpol-targi.com.pl\/<\/a><\/p>\n<\/div>\n\n\n\n<div class=\"wp-block-column is-layout-flow wp-block-column-is-layout-flow\" style=\"flex-basis:33.33%\"><div class=\"wp-block-image\">\n<figure class=\"aligncenter size-full is-resized\"><img loading=\"lazy\" decoding=\"async\" width=\"400\" height=\"277\" src=\"https:\/\/polfair.pl\/new\/wp-content\/uploads\/2023\/09\/maxpol-logo.jpg\" alt=\"\" class=\"wp-image-2009\" style=\"width:150px\"\/><\/figure>\n<\/div><\/div>\n<\/div>\n\n\n\n<p>Firma PPH \u201eMaxpol\u201d Sp. z o.o. od 1990 roku zajmuje si\u0119 organizacj\u0105 mi\u0119dzynarodowych targ\u00f3w poza granicami kraju oraz w kraju w wybranych bran\u017cach. Jeste\u015bmy firm\u0105 z Rekomendacj\u0105 Polskiej Izby Przemys\u0142u Targowego. Posiadamy wiele certyfikat\u00f3w organizator\u00f3w targ\u00f3w na \u015bwiecie. Posiadamy r\u00f3wnie\u017c certyfikat ISO 9001. Wyst\u0105pienia polskich firm organizujemy kompleksowo w ponad 30 pa\u0144stwach Europy oraz w Azji, Afryce, Ameryce P\u00f3\u0142nocnej i Po\u0142udniowej. Wykonujemy indywidualne projekty stoisk dostosowane do potrzeb wystawcy, zapewniamy odpowiedni\u0105 powierzchni\u0119, zabudow\u0119 systemow\u0105 lub indywidualn\u0105, pe\u0142n\u0105 aran\u017cacj\u0119 i wyposa\u017cenie stoisk; przew\u00f3z eksponat\u00f3w na targi; organizacj\u0119 pobytu uczestnik\u00f3w targ\u00f3w \u2013 indywidualn\u0105 i grupow\u0105 (przelot samolotem, lokalny transport, hotel), reklam\u0119 w lokalnej prasie i TV, obs\u0142ug\u0119 stoisk przez hostessy oraz t\u0142umaczy, organizacj\u0119 spotka\u0144 biznesowych. Wy\u0142\u0105czny przedstawiciel w Polsce Mi\u0119dzynarodowych Targ\u00f3w Spo\u017cywczych IFE w Wielkiej Brytanii i IFEA w Republice Po\u0142udniowej Afryki.<\/p>\n<\/div><\/div>\n\n\n\n<div class=\"wp-block-aab-accordion-item aagb__accordion_container\" style=\"border:1px solid #cccccc;margin-top:0px;margin-bottom:15px;border-radius:0px\"><div class=\"aagb__accordion_head aab_right_icon\" data-active=\"false\" style=\"color:#333333;background-color:transparent;padding:10px 15px 10px 15px\"><div class=\"aagb__accordion_heading aab_right_icon\"><h4 class=\"aagb__accordion_title\" style=\"margin:0;color:#333333\">Mi\u0119dzynarodowe Targi Pozna\u0144skie sp. z o.o. (Pozna\u0144)<\/h4><\/div><div class=\"aagb__accordion_icon\" style=\"color:#333333;background-color:transparent\"><span class=\"aagb__icon dashicons dashicons-plus-alt2\"><\/span><\/div><\/div><div class=\"aagb__accordion_body \" role=\"region\" style=\"background-color:transparent;border-top:1px solid #cccccc;padding:10px 15px 10px 15px\">\n<div class=\"wp-block-columns is-layout-flex wp-container-core-columns-is-layout-9d6595d7 wp-block-columns-is-layout-flex\">\n<div class=\"wp-block-column is-layout-flow wp-block-column-is-layout-flow\" style=\"flex-basis:66.66%\">\n<p><strong>Adres<\/strong>: G\u0142ogowska 14, 60-734 Pozna\u0144<br><strong>Telefon<\/strong>: +48 61\/ 869 2000<br><strong>Fax<\/strong>: +48 61\/ 869 2999<br><strong>E-mail<\/strong>: info@mtp.pl<br><strong>Strona www<\/strong>:&nbsp;<a href=\"http:\/\/www.mtp.pl\/pl\/\" rel=\"nofollow noopener\" target=\"_blank\">http:\/\/www.mtp.pl\/pl\/<\/a><\/p>\n<\/div>\n\n\n\n<div class=\"wp-block-column is-layout-flow wp-block-column-is-layout-flow\" style=\"flex-basis:33.33%\"><div class=\"wp-block-image\">\n<figure class=\"aligncenter size-full\"><img loading=\"lazy\" decoding=\"async\" width=\"135\" height=\"124\" src=\"https:\/\/polfair.pl\/new\/wp-content\/uploads\/2023\/10\/201307100940mtp_logo_boczne.jpg\" alt=\"\" class=\"wp-image-2400\"\/><\/figure>\n<\/div><\/div>\n<\/div>\n\n\n\n<p>Mi\u0119dzynarodowe Targi Pozna\u0144skie s\u0105 liderem rynku wystawienniczego w Polsce. Firma jest cz\u0142onkiem UFI \u2013 \u015awiatowego Stowarzyszenia Przemys\u0142u Targowego i CENTREX \u2013 Mi\u0119dzynarodowego Zwi\u0105zku Statystyk Targowych. Posiada w\u0142asne najwi\u0119ksze w Polsce centrum targowe o powierzchni ponad 110 tys. m2 terenu w halach wystawienniczych i prawie 35 tys. m2 terenu otwartego. Jest organizatorem ponad 50 specjalistycznych targ\u00f3w bran\u017cowych corocznie. Nowoczesna infrastruktura obiekt\u00f3w targowych jest dopasowana do potrzeb i oczekiwa\u0144 wystawc\u00f3w i zwiedzaj\u0105cych, Pozwala na dogodne kszta\u0142towanie powierzchni ekspozycji i prowadzenie spotka\u0144. Pawilony targowe s\u0105 w pe\u0142ni klimatyzowane, wyposa\u017cone w kana\u0142y medialne \u2013 media gwarantuj\u0105ce wysok\u0105 jako\u015b\u0107 i szybko\u015b\u0107 informacji. Firma oferuje pe\u0142en zakres us\u0142ug w ramach zabudowy powierzchni i obs\u0142ugi logistycznej produkt\u00f3w : transport, us\u0142ugi celne, spedycj\u0119, us\u0142ugi gastronomiczne. Sale konferencyjne znajduj\u0105ce si\u0119 w obiektach MTP przystosowane s\u0105 do organizacji przedsi\u0119wzi\u0119\u0107 szkoleniowych, edukacyjnych i biznesowych. Firma jest r\u00f3wnie\u017c organizatorem grupowych wyst\u0105pie\u0144 polskich na targach poza granicami kraju.<\/p>\n<\/div><\/div>\n\n\n\n<div class=\"wp-block-aab-accordion-item aagb__accordion_container\" style=\"border:1px solid #cccccc;margin-top:0px;margin-bottom:15px;border-radius:0px\"><div class=\"aagb__accordion_head aab_right_icon\" data-active=\"false\" style=\"color:#333333;background-color:transparent;padding:10px 15px 10px 15px\"><div class=\"aagb__accordion_heading aab_right_icon\"><h4 class=\"aagb__accordion_title\" style=\"margin:0;color:#333333\">PERFEKT Anna Rudzka (Stanis\u0142awowo \/ k. Bia\u0142egostoku)<\/h4><\/div><div class=\"aagb__accordion_icon\" style=\"color:#333333;background-color:transparent\"><span class=\"aagb__icon dashicons dashicons-plus-alt2\"><\/span><\/div><\/div><div class=\"aagb__accordion_body \" role=\"region\" style=\"background-color:transparent;border-top:1px solid #cccccc;padding:10px 15px 10px 15px\">\n<div class=\"wp-block-columns is-layout-flex wp-container-core-columns-is-layout-9d6595d7 wp-block-columns-is-layout-flex\">\n<div class=\"wp-block-column is-layout-flow wp-block-column-is-layout-flow\" style=\"flex-basis:66.66%\">\n<p><strong>Adres<\/strong>: S\u0142onecznikowa 13e, 15-604 Stanis\u0142awowo k. Bia\u0142egostoku<\/p>\n\n\n\n<p><strong>Telefon<\/strong>: +48 85 652 06 40<\/p>\n\n\n\n<p><strong>E-mail<\/strong>: anna@perfekt-ar.pl<\/p>\n\n\n\n<p><strong>Strona www<\/strong>:&nbsp;<a href=\"http:\/\/www.perfekt-ar.pl\/\" target=\"_blank\" rel=\"noreferrer noopener nofollow\">www.perfekt-ar.pl<\/a><\/p>\n<\/div>\n\n\n\n<div class=\"wp-block-column is-layout-flow wp-block-column-is-layout-flow\" style=\"flex-basis:33.33%\"><div class=\"wp-block-image\">\n<figure class=\"aligncenter size-full\"><img loading=\"lazy\" decoding=\"async\" width=\"120\" height=\"26\" src=\"https:\/\/polfair.pl\/new\/wp-content\/uploads\/2023\/10\/perfekt-logo.jpg\" alt=\"\" class=\"wp-image-2297\"\/><\/figure>\n<\/div><\/div>\n<\/div>\n\n\n\n<p>Firma PERFEKT ANNA RUDZKA od ponad 12 lat wspiera polskich przedsi\u0119biorc\u00f3w w zakresie kompleksowej organizacji wyst\u0105pie\u0144 na tragach mi\u0119dzynarodowych oraz uczestnictwa w misjach gospodarczych.<\/p>\n\n\n\n<p>Zakres naszych us\u0142ug obejmuje m.in.: projektowanie, budow\u0119 i wyposa\u017cenie stoiska targowego, rezerwacj\u0119 powierzchni wystawienniczej, sporz\u0105dzenie dokumentacji targowej, spedycj\u0119 i transport eksponat\u00f3w targowych, organizacj\u0119 pobytu dla przedstawicieli firmy.<\/p>\n\n\n\n<p>Nasi klienci bior\u0105 udzia\u0142 w bran\u017cowych wystawach: motoryzacyjnych, budowlanych, kosmetycznych, rolniczych, meblowych, spo\u017cywczych, przemys\u0142owych, elektrotechnicznych.<\/p>\n\n\n\n<p>Dzia\u0142amy na ca\u0142ym \u015bwiecie- w Europie, Azji, Ameryce P\u00f3\u0142nocnej i Po\u0142udniowej, Afryce, na Bliskim Wschodzie. Wsp\u00f3\u0142pracujemy z wieloma instytucjami z otoczenia biznesu w Polsce i za granic\u0105.<\/p>\n<\/div><\/div>\n\n\n\n<div class=\"wp-block-aab-accordion-item aagb__accordion_container\" style=\"border:1px solid #cccccc;margin-top:0px;margin-bottom:15px;border-radius:0px\"><div class=\"aagb__accordion_head aab_right_icon\" data-active=\"false\" style=\"color:#333333;background-color:transparent;padding:10px 15px 10px 15px\"><div class=\"aagb__accordion_heading aab_right_icon\"><h4 class=\"aagb__accordion_title\" style=\"margin:0;color:#333333\">World Expo International sp. z o.o. (Bydgoszcz)<\/h4><\/div><div class=\"aagb__accordion_icon\" style=\"color:#333333;background-color:transparent\"><span class=\"aagb__icon dashicons dashicons-plus-alt2\"><\/span><\/div><\/div><div class=\"aagb__accordion_body \" role=\"region\" style=\"background-color:transparent;border-top:1px solid #cccccc;padding:10px 15px 10px 15px\">\n<div class=\"wp-block-columns is-layout-flex wp-container-core-columns-is-layout-9d6595d7 wp-block-columns-is-layout-flex\">\n<div class=\"wp-block-column is-layout-flow wp-block-column-is-layout-flow\" style=\"flex-basis:66.66%\">\n<p><strong>Adres<\/strong>: Fordo\u0144ska 246, 85-766 Bydgoszcz<br><strong>Telefon<\/strong>: +48 52 321 6910<br><strong>Fax<\/strong>: +48 52 321 6905<br><strong>E-mail<\/strong>: office@world-expo.com.pl<br><strong>Strona www<\/strong>:&nbsp;<a href=\"http:\/\/www.world-expo.com.pl\/\" rel=\"nofollow noopener\" target=\"_blank\">http:\/\/www.world-expo.com.pl\/<\/a><\/p>\n<\/div>\n\n\n\n<div class=\"wp-block-column is-layout-flow wp-block-column-is-layout-flow\" style=\"flex-basis:33.33%\"><div class=\"wp-block-image\">\n<figure class=\"aligncenter size-full\"><img loading=\"lazy\" decoding=\"async\" width=\"130\" height=\"28\" src=\"https:\/\/polfair.pl\/new\/wp-content\/uploads\/2023\/09\/World-expo-logo.jpg\" alt=\"\" class=\"wp-image-2019\"\/><\/figure>\n<\/div><\/div>\n<\/div>\n\n\n\n<p>World Expo International Sp. z o. o. jest wyspecjalizowan\u0105 firm\u0105 z 10 letnim do\u015bwiadczeniem w zakresie organizacji polskich wyst\u0105pie\u0144 (indywidualnych i grupowych) na mi\u0119dzynarodowych targach i wystawach oraz misjach gospodarczych w ramach promocji polskiego eksportu na rynkach ca\u0142ego \u015bwiata. Posiadamy konkurencyjne oferty targowe w nast\u0119puj\u0105cych bran\u017cach: g\u00f3rnictwo, energetyka, przemys\u0142 mechaniczny, przemys\u0142 stoczniowy, budownictwo, instalacje, medycyna, przemys\u0142 naftowo-gazowy, przemys\u0142 rolno-spo\u017cywczy i opakowa\u0144.<\/p>\n\n\n\n<p>\u015awiadczymy us\u0142ugi w zakresie doradztwa targowego, logistyki (transport i spedycja eksponat\u00f3w, formalno\u015bci celne) rezerwacji i wynajmu powierzchni wystawienniczej, projektowania, wykonania zabudowy i aran\u017cacji stoisk systemowych oraz indywidualnych poza granicami kraju wraz z obs\u0142ug\u0105 delegat\u00f3w, obejmuj\u0105c\u0105 formalno\u015bci wizowe, rezerwacj\u0119 hoteli, przelot\u00f3w, transfer\u00f3w lokalnych, us\u0142ugi hostess i t\u0142umaczy.<\/p>\n\n\n\n<p>Przygotowali\u015bmy dla Pa\u0144stwa nowe oferty na targi odbywaj\u0105ce si\u0119 w poszczeg\u00f3lnych bran\u017cach w 2012 r., dokonuj\u0105c jednocze\u015bnie segmentacji tych ju\u017c istniej\u0105cych, dostosowuj\u0105c je do indywidualnych potrzeb naszych klient\u00f3w. Maj\u0105c na uwadze usprawnienie procesu przygotowania Pa\u0144stwa firmy do targ\u00f3w, oferujemy gotowe i sprawdzone rozwi\u0105zania, a tak\u017ce pomoc w wype\u0142nianiu wniosk\u00f3w o refundacj\u0119 udzia\u0142u w organizowanych przez nas targach i wystawach, w oparciu o \u017ar\u00f3d\u0142a dofinansowania pochodz\u0105ce m. in. z Programu Operacyjnego Innowacyjna Gospodarka na lata 2007-2013, Dzia\u0142ania 6.1 \u201ePaszport do eksportu\u201d, Regionalnych Program\u00f3w Operacyjnych dla poszczeg\u00f3lnych Wojew\u00f3dztw oraz na podstawie Rozporz\u0105dzenia Rady Ministr\u00f3w z dnia 31 pa\u017adziernika 2007 roku w sprawie udzielania pomocy de minimis.<\/p>\n\n\n\n<p>World Expo International Sp. z o. o. jest laureatem wielu nagr\u00f3d i wyr\u00f3\u017cnie\u0144 targowych przyznanych za organizacj\u0119 udzia\u0142u polskich firm w targach za granic\u0105 oraz promocj\u0119 polskiego eksportu. W 2010 roku Rada Polskiej Izby Przemys\u0142u Targowego przyzna\u0142a World Expo International Sp. z o.o. status przedsi\u0119biorstwa z \u201crekomendacj\u0105\u201d w uznaniu wysokiej jako\u015bci \u015bwiadczonych przez nasz\u0105 firm\u0119 us\u0142ug targowych.<\/p>\n\n\n\n<p>World Expo International Sp. z o. o. dzia\u0142aj\u0105c w konsorcjum z firm\u0105 Ageron Polska jest realizatorem Bran\u017cowego Programu Promocji bran\u017cy Produkcji Sprz\u0119tu Medycznego i Aparatury Pomiarowej w latach 2012-2015.<\/p>\n<\/div><\/div>\n<\/div>\n","protected":false},"excerpt":{"rendered":"","protected":false},"author":3,"featured_media":0,"parent":0,"menu_order":0,"comment_status":"closed","ping_status":"closed","template":"","meta":{"inline_featured_image":false,"footnotes":""},"class_list":["post-2437","page","type-page","status-publish","hentry"],"_links":{"self":[{"href":"https:\/\/polfair.pl\/new\/wp-json\/wp\/v2\/pages\/2437","targetHints":{"allow":["GET"]}}],"collection":[{"href":"https:\/\/polfair.pl\/new\/wp-json\/wp\/v2\/pages"}],"about":[{"href":"https:\/\/polfair.pl\/new\/wp-json\/wp\/v2\/types\/page"}],"author":[{"embeddable":true,"href":"https:\/\/polfair.pl\/new\/wp-json\/wp\/v2\/users\/3"}],"replies":[{"embeddable":true,"href":"https:\/\/polfair.pl\/new\/wp-json\/wp\/v2\/comments?post=2437"}],"version-history":[{"count":1,"href":"https:\/\/polfair.pl\/new\/wp-json\/wp\/v2\/pages\/2437\/revisions"}],"predecessor-version":[{"id":2438,"href":"https:\/\/polfair.pl\/new\/wp-json\/wp\/v2\/pages\/2437\/revisions\/2438"}],"wp:attachment":[{"href":"https:\/\/polfair.pl\/new\/wp-json\/wp\/v2\/media?parent=2437"}],"curies":[{"name":"wp","href":"https:\/\/api.w.org\/{rel}","templated":true}]}}