{"id":2058,"date":"2023-09-30T23:24:18","date_gmt":"2023-09-30T21:24:18","guid":{"rendered":"https:\/\/polfair.pl\/new\/?page_id=2058"},"modified":"2023-09-30T23:24:19","modified_gmt":"2023-09-30T21:24:19","slug":"konkurs-pipt-ekspozycja-roku-2018","status":"publish","type":"page","link":"https:\/\/polfair.pl\/new\/konkurs-pipt-ekspozycja-roku-2018\/","title":{"rendered":"Konkurs PIPT &#8222;Ekspozycja roku 2018&#8221;"},"content":{"rendered":"\n<h5 class=\"wp-block-heading\">Gala wr\u0119czenia nagr\u00f3d laureatom Konkursu PIPT&nbsp;<strong>Ekspozycja Roku 2018<\/strong><\/h5>\n\n\n\n<h5 class=\"wp-block-heading has-text-align-center\"><strong>Nagrodzone stoiska:<\/strong><\/h5>\n\n\n\n<h4 class=\"wp-block-heading\"><strong><u>Kategoria: Ekspozycje targowe krajowe do&nbsp;25&nbsp;mkw.<\/u><\/strong><\/h4>\n\n\n\n<h5 class=\"wp-block-heading\"><strong><u>I miejsce<\/u><\/strong><\/h5>\n\n\n<div class=\"wp-block-image\">\n<figure class=\"aligncenter size-full\"><a href=\"https:\/\/polfair.pl\/new\/wp-content\/uploads\/2023\/09\/Amako-3-1024x683-1.jpg\"><img loading=\"lazy\" decoding=\"async\" width=\"1024\" height=\"683\" src=\"https:\/\/polfair.pl\/new\/wp-content\/uploads\/2023\/09\/Amako-3-1024x683-1.jpg\" alt=\"\" class=\"wp-image-2059\" srcset=\"https:\/\/polfair.pl\/new\/wp-content\/uploads\/2023\/09\/Amako-3-1024x683-1.jpg 1024w, https:\/\/polfair.pl\/new\/wp-content\/uploads\/2023\/09\/Amako-3-1024x683-1-600x400.jpg 600w, https:\/\/polfair.pl\/new\/wp-content\/uploads\/2023\/09\/Amako-3-1024x683-1-768x512.jpg 768w, https:\/\/polfair.pl\/new\/wp-content\/uploads\/2023\/09\/Amako-3-1024x683-1-666x444.jpg 666w\" sizes=\"auto, (max-width: 1024px) 100vw, 1024px\" \/><\/a><\/figure>\n<\/div>\n\n\n<p>Wykonawca ekspozycji:&nbsp;<strong>AmakoMedia s.c. (Amako Expo), Krak\u00f3w<\/strong><\/p>\n\n\n\n<p>Projektant:&nbsp;<strong>Aleksandra Wiecha<\/strong><\/p>\n\n\n\n<p>Inwestor (wystawca):&nbsp;<strong>IMS S.A.<\/strong><\/p>\n\n\n\n<p>Miejsce: SHOPPING CENTER FORUM, 26-27.09.2018 r., EXPO XXI, Warszawa<\/p>\n\n\n\n<h4 class=\"wp-block-heading\"><strong>Kategoria: Ekspozycje targowe krajowe 25&nbsp;\u2013 50&nbsp;mkw.<\/strong><\/h4>\n\n\n\n<h5 class=\"wp-block-heading\"><strong>I miejsce<\/strong><\/h5>\n\n\n<div class=\"wp-block-image\">\n<figure class=\"aligncenter size-full\"><a href=\"https:\/\/polfair.pl\/new\/wp-content\/uploads\/2023\/09\/1M_Idea-Expo-Min-Rolnictwa-1024x653-1.jpg\"><img loading=\"lazy\" decoding=\"async\" width=\"1024\" height=\"653\" src=\"https:\/\/polfair.pl\/new\/wp-content\/uploads\/2023\/09\/1M_Idea-Expo-Min-Rolnictwa-1024x653-1.jpg\" alt=\"\" class=\"wp-image-2060\" srcset=\"https:\/\/polfair.pl\/new\/wp-content\/uploads\/2023\/09\/1M_Idea-Expo-Min-Rolnictwa-1024x653-1.jpg 1024w, https:\/\/polfair.pl\/new\/wp-content\/uploads\/2023\/09\/1M_Idea-Expo-Min-Rolnictwa-1024x653-1-600x383.jpg 600w, https:\/\/polfair.pl\/new\/wp-content\/uploads\/2023\/09\/1M_Idea-Expo-Min-Rolnictwa-1024x653-1-768x490.jpg 768w\" sizes=\"auto, (max-width: 1024px) 100vw, 1024px\" \/><\/a><\/figure>\n<\/div>\n\n\n<p>Wykonawca ekspozycji:&nbsp;<strong>IDEA EXPO (Mi\u0119dzynarodowe Targi Pozna\u0144skie sp. z&nbsp;o.o.)<\/strong><\/p>\n\n\n\n<p>Projektant:&nbsp;<strong>Magdalena Gyurkovich<\/strong><\/p>\n\n\n\n<p>Inwestor (wystawca):&nbsp;<strong>Ministerstwo Rolnictwa i&nbsp;Rozwoju Wsi, Warszawa<\/strong><\/p>\n\n\n\n<p>Miejsce: na&nbsp;targach w&nbsp;Poznaniu, Wroc\u0142awiu, \u0141odzi, Toruniu, Gda\u0144sku, Szczecinie, Lublinie, Opolu i&nbsp;Nadarzynie<\/p>\n\n\n\n<h5 class=\"wp-block-heading\"><strong>II miejsce<\/strong><\/h5>\n\n\n<div class=\"wp-block-image\">\n<figure class=\"aligncenter size-full\"><a href=\"https:\/\/polfair.pl\/new\/wp-content\/uploads\/2023\/09\/2m_Fair-Team-Lodz-1.jpg\"><img loading=\"lazy\" decoding=\"async\" width=\"932\" height=\"702\" src=\"https:\/\/polfair.pl\/new\/wp-content\/uploads\/2023\/09\/2m_Fair-Team-Lodz-1.jpg\" alt=\"\" class=\"wp-image-2061\" srcset=\"https:\/\/polfair.pl\/new\/wp-content\/uploads\/2023\/09\/2m_Fair-Team-Lodz-1.jpg 932w, https:\/\/polfair.pl\/new\/wp-content\/uploads\/2023\/09\/2m_Fair-Team-Lodz-1-600x452.jpg 600w, https:\/\/polfair.pl\/new\/wp-content\/uploads\/2023\/09\/2m_Fair-Team-Lodz-1-768x578.jpg 768w\" sizes=\"auto, (max-width: 932px) 100vw, 932px\" \/><\/a><\/figure>\n<\/div>\n\n\n<p>Wykonawca ekspozycji:&nbsp;<strong>Fair Team Micha\u0142 Hempowicz, Pozna\u0144<\/strong><\/p>\n\n\n\n<p>Projektant:&nbsp;<strong>Renata Wolczy\u0144ska<\/strong><\/p>\n\n\n\n<p>Inwestor (wystawca):&nbsp;<strong>Duda Development sp. z&nbsp;o.o., Pozna\u0144<\/strong><\/p>\n\n\n\n<p>Miejsce: \u0141\u00f3dzkie Targi Nieruchomo\u015bci i&nbsp;Budowy Dom\u00f3w, 29-30.09.2018 r., \u0141\u00f3d\u017a<\/p>\n\n\n\n<h5 class=\"wp-block-heading\"><strong>III miejsce<\/strong><\/h5>\n\n\n<div class=\"wp-block-image\">\n<figure class=\"aligncenter size-full\"><a href=\"https:\/\/polfair.pl\/new\/wp-content\/uploads\/2023\/09\/3m_Fair-Team-Poznan.jpg\"><img loading=\"lazy\" decoding=\"async\" width=\"785\" height=\"437\" src=\"https:\/\/polfair.pl\/new\/wp-content\/uploads\/2023\/09\/3m_Fair-Team-Poznan.jpg\" alt=\"\" class=\"wp-image-2062\" srcset=\"https:\/\/polfair.pl\/new\/wp-content\/uploads\/2023\/09\/3m_Fair-Team-Poznan.jpg 785w, https:\/\/polfair.pl\/new\/wp-content\/uploads\/2023\/09\/3m_Fair-Team-Poznan-600x334.jpg 600w, https:\/\/polfair.pl\/new\/wp-content\/uploads\/2023\/09\/3m_Fair-Team-Poznan-768x428.jpg 768w\" sizes=\"auto, (max-width: 785px) 100vw, 785px\" \/><\/a><\/figure>\n<\/div>\n\n\n<p>Wykonawca ekspozycji:&nbsp;<strong>Fair Team Micha\u0142 Hempowicz, Pozna\u0144<\/strong><\/p>\n\n\n\n<p>Projektant:&nbsp;<strong>Renata Wolczy\u0144ska<\/strong><\/p>\n\n\n\n<p>Inwestor (wystawca):&nbsp;<strong>Duda Development sp. z&nbsp;o.o., Pozna\u0144<\/strong><\/p>\n\n\n\n<p>Miejsce: Targi Nieruchomo\u015bci i&nbsp;Budowy Dom\u00f3w, 17-18.03.2018 r., Pozna\u0144<\/p>\n\n\n\n<h4 class=\"wp-block-heading\"><strong><u>Kategoria: Ekspozycje targowe krajowe powy\u017cej 50&nbsp;mkw.<\/u><\/strong><\/h4>\n\n\n\n<h5 class=\"wp-block-heading\"><strong>I miejsce<\/strong><\/h5>\n\n\n<div class=\"wp-block-image\">\n<figure class=\"aligncenter size-large\"><a href=\"https:\/\/polfair.pl\/new\/wp-content\/uploads\/2023\/09\/1m_Melinski-Minuth-Kaczkan-1-1320x989-1.jpg\"><img loading=\"lazy\" decoding=\"async\" width=\"1280\" height=\"959\" src=\"https:\/\/polfair.pl\/new\/wp-content\/uploads\/2023\/09\/1m_Melinski-Minuth-Kaczkan-1-1320x989-1-1280x959.jpg\" alt=\"\" class=\"wp-image-2063\" srcset=\"https:\/\/polfair.pl\/new\/wp-content\/uploads\/2023\/09\/1m_Melinski-Minuth-Kaczkan-1-1320x989-1-1280x959.jpg 1280w, https:\/\/polfair.pl\/new\/wp-content\/uploads\/2023\/09\/1m_Melinski-Minuth-Kaczkan-1-1320x989-1-600x450.jpg 600w, https:\/\/polfair.pl\/new\/wp-content\/uploads\/2023\/09\/1m_Melinski-Minuth-Kaczkan-1-1320x989-1-768x575.jpg 768w, https:\/\/polfair.pl\/new\/wp-content\/uploads\/2023\/09\/1m_Melinski-Minuth-Kaczkan-1-1320x989-1-755x566.jpg 755w, https:\/\/polfair.pl\/new\/wp-content\/uploads\/2023\/09\/1m_Melinski-Minuth-Kaczkan-1-1320x989-1.jpg 1320w\" sizes=\"auto, (max-width: 1280px) 100vw, 1280px\" \/><\/a><\/figure>\n<\/div>\n\n\n<p>Wykonawca ekspozycji:&nbsp;<strong>Meli\u0144ski Minuth sp. z&nbsp;o.o., Pozna\u0144<\/strong><\/p>\n\n\n\n<p>Projektant:&nbsp;<strong>Magdalena Obsadna<\/strong><\/p>\n\n\n\n<p>Inwestor (wystawca):&nbsp;<strong>Kaczkan Zak\u0142ad Produkcji Drzewnej J\u00f3zef Kaczkan Sp. J. , Ma\u0142dyty<\/strong><\/p>\n\n\n\n<p>Miejsce: targi Warsaw Home, 04-07.10.2018 r., w&nbsp;Nadarzynie<\/p>\n\n\n\n<h5 class=\"wp-block-heading\"><strong>II miejsce<\/strong><\/h5>\n\n\n<div class=\"wp-block-image\">\n<figure class=\"aligncenter size-large\"><a href=\"https:\/\/polfair.pl\/new\/wp-content\/uploads\/2023\/09\/2M_Expo-Linia-PGZ.jpg\"><img loading=\"lazy\" decoding=\"async\" width=\"1280\" height=\"865\" src=\"https:\/\/polfair.pl\/new\/wp-content\/uploads\/2023\/09\/2M_Expo-Linia-PGZ-1280x865.jpg\" alt=\"\" class=\"wp-image-2064\" srcset=\"https:\/\/polfair.pl\/new\/wp-content\/uploads\/2023\/09\/2M_Expo-Linia-PGZ-1280x865.jpg 1280w, https:\/\/polfair.pl\/new\/wp-content\/uploads\/2023\/09\/2M_Expo-Linia-PGZ-600x406.jpg 600w, https:\/\/polfair.pl\/new\/wp-content\/uploads\/2023\/09\/2M_Expo-Linia-PGZ-768x519.jpg 768w, https:\/\/polfair.pl\/new\/wp-content\/uploads\/2023\/09\/2M_Expo-Linia-PGZ.jpg 1284w\" sizes=\"auto, (max-width: 1280px) 100vw, 1280px\" \/><\/a><\/figure>\n<\/div>\n\n\n<p>Wykonawca ekspozycji:<strong>&nbsp;EXPO LINIA sp. z&nbsp;o.o., Buk&nbsp;k\/Poznania<\/strong><\/p>\n\n\n\n<p>Projektant:&nbsp;<strong>Gizela Rozwadowska \u2013 Mylka, Kateryna Shyskina, Marta Krawczyk<\/strong><\/p>\n\n\n\n<p>Inwestor (wystawca):&nbsp;<strong>Polska Grupa Zbrojeniowa, Warszawa<\/strong><\/p>\n\n\n\n<p>Miejsce: MSPO Mi\u0119dzynarodowy Salon Przemys\u0142u Obronnego, 04-07.09.2018 r.<\/p>\n\n\n\n<h5 class=\"wp-block-heading\"><strong>III miejsce<\/strong><\/h5>\n\n\n<div class=\"wp-block-image\">\n<figure class=\"aligncenter size-large\"><a href=\"https:\/\/polfair.pl\/new\/wp-content\/uploads\/2023\/09\/3M_Zebra-1320x743-1.jpg\"><img loading=\"lazy\" decoding=\"async\" width=\"1280\" height=\"720\" src=\"https:\/\/polfair.pl\/new\/wp-content\/uploads\/2023\/09\/3M_Zebra-1320x743-1-1280x720.jpg\" alt=\"\" class=\"wp-image-2065\" srcset=\"https:\/\/polfair.pl\/new\/wp-content\/uploads\/2023\/09\/3M_Zebra-1320x743-1-1280x720.jpg 1280w, https:\/\/polfair.pl\/new\/wp-content\/uploads\/2023\/09\/3M_Zebra-1320x743-1-600x338.jpg 600w, https:\/\/polfair.pl\/new\/wp-content\/uploads\/2023\/09\/3M_Zebra-1320x743-1-768x432.jpg 768w, https:\/\/polfair.pl\/new\/wp-content\/uploads\/2023\/09\/3M_Zebra-1320x743-1-990x556.jpg 990w, https:\/\/polfair.pl\/new\/wp-content\/uploads\/2023\/09\/3M_Zebra-1320x743-1.jpg 1320w\" sizes=\"auto, (max-width: 1280px) 100vw, 1280px\" \/><\/a><\/figure>\n<\/div>\n\n\n<p>Wykonawca ekspozycji:&nbsp;<strong>ZEBRA P.W.P. sp. z&nbsp;o.o., Suchy Las&nbsp;k\/Poznania<\/strong><\/p>\n\n\n\n<p>Projektant:&nbsp;<strong>Beata Jarecka<\/strong><\/p>\n\n\n\n<p>Inwestor (wystawca):&nbsp;<strong>Recticel sp. z&nbsp;o.o., \u0141\u00f3d\u017a<\/strong><\/p>\n\n\n\n<p>Miejsce: targi MEBLE Polska, 06-09.03.2018 r., Pozna\u0144<\/p>\n\n\n\n<h4 class=\"wp-block-heading\"><strong><u>Kategoria: Ekspozycje targowe zagraniczne do&nbsp;25&nbsp;mkw.<\/u><\/strong><\/h4>\n\n\n\n<h5 class=\"wp-block-heading\"><strong>I miejsce<\/strong><\/h5>\n\n\n<div class=\"wp-block-image\">\n<figure class=\"aligncenter size-full\"><a href=\"https:\/\/polfair.pl\/new\/wp-content\/uploads\/2023\/09\/Amako-Dioxid.jpg\"><img loading=\"lazy\" decoding=\"async\" width=\"1014\" height=\"1012\" src=\"https:\/\/polfair.pl\/new\/wp-content\/uploads\/2023\/09\/Amako-Dioxid.jpg\" alt=\"\" class=\"wp-image-2066\" srcset=\"https:\/\/polfair.pl\/new\/wp-content\/uploads\/2023\/09\/Amako-Dioxid.jpg 1014w, https:\/\/polfair.pl\/new\/wp-content\/uploads\/2023\/09\/Amako-Dioxid-600x600.jpg 600w, https:\/\/polfair.pl\/new\/wp-content\/uploads\/2023\/09\/Amako-Dioxid-300x300.jpg 300w, https:\/\/polfair.pl\/new\/wp-content\/uploads\/2023\/09\/Amako-Dioxid-768x766.jpg 768w, https:\/\/polfair.pl\/new\/wp-content\/uploads\/2023\/09\/Amako-Dioxid-640x640.jpg 640w, https:\/\/polfair.pl\/new\/wp-content\/uploads\/2023\/09\/Amako-Dioxid-270x270.jpg 270w, https:\/\/polfair.pl\/new\/wp-content\/uploads\/2023\/09\/Amako-Dioxid-480x480.jpg 480w, https:\/\/polfair.pl\/new\/wp-content\/uploads\/2023\/09\/Amako-Dioxid-100x100.jpg 100w, https:\/\/polfair.pl\/new\/wp-content\/uploads\/2023\/09\/Amako-Dioxid-50x50.jpg 50w\" sizes=\"auto, (max-width: 1014px) 100vw, 1014px\" \/><\/a><\/figure>\n<\/div>\n\n\n<p>Wykonawca ekspozycji:&nbsp;<strong>AmakoMedia s.c. (Amako Expo), Krak\u00f3w<\/strong><\/p>\n\n\n\n<p>Projektant:&nbsp;<strong>Dominik Kowalski<\/strong><\/p>\n\n\n\n<p>Inwestor (wystawca):&nbsp;<strong>Dioxid \u2013 Aero Space Company<\/strong><\/p>\n\n\n\n<p>Miejsce: targi ILA&nbsp;Berlin Air&nbsp;Show, 25-29.04.2018 r., Berlin<\/p>\n\n\n\n<h4 class=\"wp-block-heading\"><strong><u>Kategoria: Ekspozycje targowe zagraniczne 25&nbsp;\u2013 50&nbsp;mkw.<\/u><\/strong><\/h4>\n\n\n\n<h5 class=\"wp-block-heading\"><strong>I miejsce<\/strong><\/h5>\n\n\n<div class=\"wp-block-image\">\n<figure class=\"aligncenter size-large\"><a href=\"https:\/\/polfair.pl\/new\/wp-content\/uploads\/2023\/09\/1M-Zebra-Sasse.jpg\"><img loading=\"lazy\" decoding=\"async\" width=\"1280\" height=\"960\" src=\"https:\/\/polfair.pl\/new\/wp-content\/uploads\/2023\/09\/1M-Zebra-Sasse-1280x960.jpg\" alt=\"\" class=\"wp-image-2067\" srcset=\"https:\/\/polfair.pl\/new\/wp-content\/uploads\/2023\/09\/1M-Zebra-Sasse-1280x960.jpg 1280w, https:\/\/polfair.pl\/new\/wp-content\/uploads\/2023\/09\/1M-Zebra-Sasse-600x450.jpg 600w, https:\/\/polfair.pl\/new\/wp-content\/uploads\/2023\/09\/1M-Zebra-Sasse-768x576.jpg 768w, https:\/\/polfair.pl\/new\/wp-content\/uploads\/2023\/09\/1M-Zebra-Sasse-1536x1152.jpg 1536w, https:\/\/polfair.pl\/new\/wp-content\/uploads\/2023\/09\/1M-Zebra-Sasse-755x566.jpg 755w, https:\/\/polfair.pl\/new\/wp-content\/uploads\/2023\/09\/1M-Zebra-Sasse.jpg 1749w\" sizes=\"auto, (max-width: 1280px) 100vw, 1280px\" \/><\/a><\/figure>\n<\/div>\n\n\n<p>Wykonawca ekspozycji:&nbsp;<strong>ZEBRA P.W.P. sp. z&nbsp;o.o., Suchy Las&nbsp;k\/Poznania<\/strong><\/p>\n\n\n\n<p>Projektant:&nbsp;<strong>Beata Jarecka<\/strong><\/p>\n\n\n\n<p>Pnwestor (wystawca):&nbsp;<strong>Sasse Elektronik GmbH, Schwabach, Niemcy<\/strong><\/p>\n\n\n\n<p>Miejsce: targi MEDICA 2018, 12-15.11.2018 r., Duesseldorf, Niemcy<\/p>\n\n\n\n<h5 class=\"wp-block-heading\"><strong>II miejsce<\/strong><\/h5>\n\n\n<div class=\"wp-block-image\">\n<figure class=\"aligncenter size-large\"><a href=\"https:\/\/polfair.pl\/new\/wp-content\/uploads\/2023\/09\/2M_Partner-Izostal-1320x743-1.jpg\"><img loading=\"lazy\" decoding=\"async\" width=\"1280\" height=\"720\" src=\"https:\/\/polfair.pl\/new\/wp-content\/uploads\/2023\/09\/2M_Partner-Izostal-1320x743-1-1280x720.jpg\" alt=\"\" class=\"wp-image-2068\" srcset=\"https:\/\/polfair.pl\/new\/wp-content\/uploads\/2023\/09\/2M_Partner-Izostal-1320x743-1-1280x720.jpg 1280w, https:\/\/polfair.pl\/new\/wp-content\/uploads\/2023\/09\/2M_Partner-Izostal-1320x743-1-600x338.jpg 600w, https:\/\/polfair.pl\/new\/wp-content\/uploads\/2023\/09\/2M_Partner-Izostal-1320x743-1-768x432.jpg 768w, https:\/\/polfair.pl\/new\/wp-content\/uploads\/2023\/09\/2M_Partner-Izostal-1320x743-1-990x556.jpg 990w, https:\/\/polfair.pl\/new\/wp-content\/uploads\/2023\/09\/2M_Partner-Izostal-1320x743-1.jpg 1320w\" sizes=\"auto, (max-width: 1280px) 100vw, 1280px\" \/><\/a><\/figure>\n<\/div>\n\n\n<p>Wykonawca ekspozycji:<strong>&nbsp;PARTNER, Pozna\u0144<\/strong><\/p>\n\n\n\n<p>Projektant:&nbsp;<strong>Edyta D\u0105browska<\/strong><\/p>\n\n\n\n<p>Inwestor (wystawca):&nbsp;<strong>Izostal S.A., Kolonowskie<\/strong><\/p>\n\n\n\n<p>Miejsce: targi TUBE &amp; WIRE, 16-20.04.2018 r., Duesseldorf<\/p>\n\n\n\n<h5 class=\"wp-block-heading\"><strong>III miejsce<\/strong><\/h5>\n\n\n<div class=\"wp-block-image\">\n<figure class=\"aligncenter size-full\"><a href=\"https:\/\/polfair.pl\/new\/wp-content\/uploads\/2023\/09\/3M_World-Expo-Int-Atlas.jpg\"><img loading=\"lazy\" decoding=\"async\" width=\"849\" height=\"1132\" src=\"https:\/\/polfair.pl\/new\/wp-content\/uploads\/2023\/09\/3M_World-Expo-Int-Atlas.jpg\" alt=\"\" class=\"wp-image-2069\" srcset=\"https:\/\/polfair.pl\/new\/wp-content\/uploads\/2023\/09\/3M_World-Expo-Int-Atlas.jpg 849w, https:\/\/polfair.pl\/new\/wp-content\/uploads\/2023\/09\/3M_World-Expo-Int-Atlas-450x600.jpg 450w, https:\/\/polfair.pl\/new\/wp-content\/uploads\/2023\/09\/3M_World-Expo-Int-Atlas-768x1024.jpg 768w\" sizes=\"auto, (max-width: 849px) 100vw, 849px\" \/><\/a><\/figure>\n<\/div>\n\n\n<p>Wykonawca ekspozycji:&nbsp;<strong>World Expo International sp. z&nbsp;o.o.<\/strong><\/p>\n\n\n\n<p>Projektant:&nbsp;<strong>Dorota Rybacka<\/strong><\/p>\n\n\n\n<p>Inwestor (wystawca):&nbsp;<strong>ATLAS sp. z&nbsp;o.o., \u0141\u00f3d\u017a<\/strong><\/p>\n\n\n\n<p>Miejsce: targi INDEX \u2013 SURFACE DESIGN, Dubaj, ZEA<\/p>\n\n\n\n<h4 class=\"wp-block-heading\"><strong><u>Kategoria: Ekspozycje targowe zagraniczne powy\u017cej 50&nbsp;mkw.<\/u><\/strong><\/h4>\n\n\n\n<h5 class=\"wp-block-heading\"><strong>I miejsce<\/strong><\/h5>\n\n\n<div class=\"wp-block-image\">\n<figure class=\"aligncenter size-full\"><a href=\"https:\/\/polfair.pl\/new\/wp-content\/uploads\/2023\/09\/1M_Melinski-Minuth-Profim.jpg\"><img loading=\"lazy\" decoding=\"async\" width=\"1256\" height=\"893\" src=\"https:\/\/polfair.pl\/new\/wp-content\/uploads\/2023\/09\/1M_Melinski-Minuth-Profim.jpg\" alt=\"\" class=\"wp-image-2070\" srcset=\"https:\/\/polfair.pl\/new\/wp-content\/uploads\/2023\/09\/1M_Melinski-Minuth-Profim.jpg 1256w, https:\/\/polfair.pl\/new\/wp-content\/uploads\/2023\/09\/1M_Melinski-Minuth-Profim-600x427.jpg 600w, https:\/\/polfair.pl\/new\/wp-content\/uploads\/2023\/09\/1M_Melinski-Minuth-Profim-768x546.jpg 768w\" sizes=\"auto, (max-width: 1256px) 100vw, 1256px\" \/><\/a><\/figure>\n<\/div>\n\n\n<p>Wykonawca ekspozycji:&nbsp;<strong>Meli\u0144ski Minuth sp. z&nbsp;o.o., Pozna\u0144<\/strong><\/p>\n\n\n\n<p>Projektant:&nbsp;<strong>Studio Rygalik, Warszawa<\/strong><\/p>\n\n\n\n<p>Inwestor (wystawca):&nbsp;<strong>PROFIM, Turek<\/strong><\/p>\n\n\n\n<p>Miejsce: targi ORGATEC, 23-27.10.2018<\/p>\n\n\n\n<h5 class=\"wp-block-heading\"><strong>II miejsce<\/strong><\/h5>\n\n\n<div class=\"wp-block-image\">\n<figure class=\"aligncenter size-full\"><a href=\"https:\/\/polfair.pl\/new\/wp-content\/uploads\/2023\/09\/2M_Abyss-Massis-Tabak.jpg\"><img loading=\"lazy\" decoding=\"async\" width=\"1024\" height=\"768\" src=\"https:\/\/polfair.pl\/new\/wp-content\/uploads\/2023\/09\/2M_Abyss-Massis-Tabak.jpg\" alt=\"\" class=\"wp-image-2071\" srcset=\"https:\/\/polfair.pl\/new\/wp-content\/uploads\/2023\/09\/2M_Abyss-Massis-Tabak.jpg 1024w, https:\/\/polfair.pl\/new\/wp-content\/uploads\/2023\/09\/2M_Abyss-Massis-Tabak-600x450.jpg 600w, https:\/\/polfair.pl\/new\/wp-content\/uploads\/2023\/09\/2M_Abyss-Massis-Tabak-768x576.jpg 768w, https:\/\/polfair.pl\/new\/wp-content\/uploads\/2023\/09\/2M_Abyss-Massis-Tabak-755x566.jpg 755w\" sizes=\"auto, (max-width: 1024px) 100vw, 1024px\" \/><\/a><\/figure>\n<\/div>\n\n\n<p>Wykonawca ekspozycji:&nbsp;<strong>ABYSS s.c. Ma\u0142gorzata i&nbsp;Krzysztof Szofer, Pozna\u0144<\/strong><\/p>\n\n\n\n<p>Projektant:&nbsp;<strong>Design Department of&nbsp;International Masis Tabak<\/strong><\/p>\n\n\n\n<p>Inwestor (wystawca):&nbsp;<strong>International Masis Tabak LLC, Armenia<\/strong><\/p>\n\n\n\n<p>Miejsce: INTERTABAC 2018, 21-23.09.2018 r., Dortmund, Niemcy<\/p>\n\n\n\n<h5 class=\"wp-block-heading\"><strong>III miejsce<\/strong><\/h5>\n\n\n<div class=\"wp-block-image\">\n<figure class=\"aligncenter size-full\"><a href=\"https:\/\/polfair.pl\/new\/wp-content\/uploads\/2023\/09\/3M_Abyss-Kartopu.jpg\"><img loading=\"lazy\" decoding=\"async\" width=\"907\" height=\"679\" src=\"https:\/\/polfair.pl\/new\/wp-content\/uploads\/2023\/09\/3M_Abyss-Kartopu.jpg\" alt=\"\" class=\"wp-image-2072\" srcset=\"https:\/\/polfair.pl\/new\/wp-content\/uploads\/2023\/09\/3M_Abyss-Kartopu.jpg 907w, https:\/\/polfair.pl\/new\/wp-content\/uploads\/2023\/09\/3M_Abyss-Kartopu-600x449.jpg 600w, https:\/\/polfair.pl\/new\/wp-content\/uploads\/2023\/09\/3M_Abyss-Kartopu-768x575.jpg 768w, https:\/\/polfair.pl\/new\/wp-content\/uploads\/2023\/09\/3M_Abyss-Kartopu-755x566.jpg 755w\" sizes=\"auto, (max-width: 907px) 100vw, 907px\" \/><\/a><\/figure>\n<\/div>\n\n\n<p>Wykonawca ekspozycji:&nbsp;<strong>ABYSS s.c. Ma\u0142gorzata i&nbsp;Krzysztof Szofer, Pozna\u0144<\/strong><\/p>\n\n\n\n<p>Projektant:&nbsp;<strong>Saturn Mimarlik, Stambu\u0142, Turcja<\/strong><\/p>\n\n\n\n<p>Inwestor (wystawca):&nbsp;<strong>Kartopu, Stambu\u0142, Turcja<\/strong><\/p>\n\n\n\n<p>Miejsce: targi H&nbsp;+ H&nbsp;2018, 23-25.03.2018 r., Kolonia, Niemcy<\/p>\n\n\n\n<h4 class=\"wp-block-heading\"><strong><u>Kategoria: Ekspozycje eventowe powy\u017cej 50&nbsp;mkw.<\/u><\/strong><\/h4>\n\n\n\n<h5 class=\"wp-block-heading\"><strong>I miejsce<\/strong><\/h5>\n\n\n<div class=\"wp-block-image\">\n<figure class=\"aligncenter size-large\"><a href=\"https:\/\/polfair.pl\/new\/wp-content\/uploads\/2023\/09\/1_Idea-Expo-COP.jpg\"><img loading=\"lazy\" decoding=\"async\" width=\"1280\" height=\"906\" src=\"https:\/\/polfair.pl\/new\/wp-content\/uploads\/2023\/09\/1_Idea-Expo-COP-1280x906.jpg\" alt=\"\" class=\"wp-image-2073\" srcset=\"https:\/\/polfair.pl\/new\/wp-content\/uploads\/2023\/09\/1_Idea-Expo-COP-1280x906.jpg 1280w, https:\/\/polfair.pl\/new\/wp-content\/uploads\/2023\/09\/1_Idea-Expo-COP-600x425.jpg 600w, https:\/\/polfair.pl\/new\/wp-content\/uploads\/2023\/09\/1_Idea-Expo-COP-768x544.jpg 768w, https:\/\/polfair.pl\/new\/wp-content\/uploads\/2023\/09\/1_Idea-Expo-COP-1536x1087.jpg 1536w, https:\/\/polfair.pl\/new\/wp-content\/uploads\/2023\/09\/1_Idea-Expo-COP.jpg 1591w\" sizes=\"auto, (max-width: 1280px) 100vw, 1280px\" \/><\/a><\/figure>\n<\/div>\n\n\n<p>Wykonawca ekspozycji:&nbsp;<strong>IDEA EXPO (Mi\u0119dzynarodowe Targi Pozna\u0144skie sp. z&nbsp;o.o.)<\/strong><\/p>\n\n\n\n<p>Koordynacja:&nbsp;<strong>Zbigniew J\u00f3zefiok, IDEA EXPO<\/strong><\/p>\n\n\n\n<p>Inwestor (wystawca):&nbsp;<strong>Ministerstwo \u015arodowiska \/ ONZ&nbsp;(United Nations Framework Convention on&nbsp;Climate Change)<\/strong><\/p>\n\n\n\n<p>Miejsce: Konferencja Klimatyczna COP24, 02-15.12.2018 r., Katowice<\/p>\n\n\n\n<h5 class=\"wp-block-heading\"><strong>II miejsce<\/strong><\/h5>\n\n\n<div class=\"wp-block-image\">\n<figure class=\"aligncenter size-large\"><a href=\"https:\/\/polfair.pl\/new\/wp-content\/uploads\/2023\/09\/2m_Coca-Cola-Partner.jpg\"><img loading=\"lazy\" decoding=\"async\" width=\"1280\" height=\"960\" src=\"https:\/\/polfair.pl\/new\/wp-content\/uploads\/2023\/09\/2m_Coca-Cola-Partner-1280x960.jpg\" alt=\"\" class=\"wp-image-2074\" srcset=\"https:\/\/polfair.pl\/new\/wp-content\/uploads\/2023\/09\/2m_Coca-Cola-Partner-1280x960.jpg 1280w, https:\/\/polfair.pl\/new\/wp-content\/uploads\/2023\/09\/2m_Coca-Cola-Partner-600x450.jpg 600w, https:\/\/polfair.pl\/new\/wp-content\/uploads\/2023\/09\/2m_Coca-Cola-Partner-768x576.jpg 768w, https:\/\/polfair.pl\/new\/wp-content\/uploads\/2023\/09\/2m_Coca-Cola-Partner-1536x1152.jpg 1536w, https:\/\/polfair.pl\/new\/wp-content\/uploads\/2023\/09\/2m_Coca-Cola-Partner-755x566.jpg 755w, https:\/\/polfair.pl\/new\/wp-content\/uploads\/2023\/09\/2m_Coca-Cola-Partner.jpg 1600w\" sizes=\"auto, (max-width: 1280px) 100vw, 1280px\" \/><\/a><\/figure>\n<\/div>\n\n\n<p>Wykonawca ekspozycji:&nbsp;<strong>PARTNER, Pozna\u0144<\/strong><\/p>\n\n\n\n<p>Projektant:&nbsp;<strong>Miko\u0142aj Jujeczka<\/strong><\/p>\n\n\n\n<p>Pnwestor (wystawca):&nbsp;<strong>Coca \u2013 Cola Company<\/strong><\/p>\n\n\n\n<p>Miejsce: P\u00f3\u0142fina\u0142y ifina\u0142y FIFA World Championship, hotel Metropol, Moskwa; Grand Hotel Europe, St. Petersburg.<\/p>\n\n\n\n<div style=\"height:30px\" aria-hidden=\"true\" class=\"wp-block-spacer\"><\/div>\n\n\n\n<p><strong>GRATULUJEMY!<\/strong><\/p>\n\n\n\n<p>Polska izba Przemys\u0142u Targowego, 15&nbsp;marca 2019r.<\/p>\n","protected":false},"excerpt":{"rendered":"<p>Gala wr\u0119czenia nagr\u00f3d laureatom Konkursu PIPT&nbsp;Ekspozycja Roku 2018 Nagrodzone stoiska: Kategoria: Ekspozycje targowe krajowe do&nbsp;25&nbsp;mkw. I miejsce Wykonawca ekspozycji:&nbsp;AmakoMedia s.c. &hellip; <span class=\"more-button\"><a href=\"https:\/\/polfair.pl\/new\/konkurs-pipt-ekspozycja-roku-2018\/\" class=\"more-link\">Czytaj wi\u0119cej<span class=\"screen-reader-text\">Konkurs PIPT &#8222;Ekspozycja roku 2018&#8221;<\/span><\/a><\/span><\/p>\n","protected":false},"author":3,"featured_media":0,"parent":0,"menu_order":0,"comment_status":"closed","ping_status":"closed","template":"","meta":{"inline_featured_image":false,"footnotes":""},"class_list":["post-2058","page","type-page","status-publish","hentry"],"_links":{"self":[{"href":"https:\/\/polfair.pl\/new\/wp-json\/wp\/v2\/pages\/2058","targetHints":{"allow":["GET"]}}],"collection":[{"href":"https:\/\/polfair.pl\/new\/wp-json\/wp\/v2\/pages"}],"about":[{"href":"https:\/\/polfair.pl\/new\/wp-json\/wp\/v2\/types\/page"}],"author":[{"embeddable":true,"href":"https:\/\/polfair.pl\/new\/wp-json\/wp\/v2\/users\/3"}],"replies":[{"embeddable":true,"href":"https:\/\/polfair.pl\/new\/wp-json\/wp\/v2\/comments?post=2058"}],"version-history":[{"count":2,"href":"https:\/\/polfair.pl\/new\/wp-json\/wp\/v2\/pages\/2058\/revisions"}],"predecessor-version":[{"id":2076,"href":"https:\/\/polfair.pl\/new\/wp-json\/wp\/v2\/pages\/2058\/revisions\/2076"}],"wp:attachment":[{"href":"https:\/\/polfair.pl\/new\/wp-json\/wp\/v2\/media?parent=2058"}],"curies":[{"name":"wp","href":"https:\/\/api.w.org\/{rel}","templated":true}]}}